ousands digit of 4192684?
1
What is the ten thousands digit of 4316912?
1
What is the millions digit of 9646967?
9
What is the millions digit of 1443044?
1
What is the ten thousands digit of 378258?
7
What is the millions digit of 20764603?
0
What is the ten thousands digit of 346400?
4
What is the ten thousands digit of 642805?
4
What is the tens digit of 2490905?
0
What is the hundreds digit of 71071?
0
What is the ten thousands digit of 1224728?
2
What is the ten millions digit of 20551529?
2
What is the thousands digit of 11779064?
9
What is the tens digit of 146871?
7
What is the hundred thousands digit of 3049054?
0
What is the tens digit of 9838862?
6
What is the tens digit of 581137?
3
What is the ten thousands digit of 3214250?
1
What is the ten thousands digit of 901845?
0
What is the thousands digit of 925166?
5
What is the hundred thousands digit of 4459119?
4
What is the ten thousands digit of 83688?
8
What is the hundreds digit of 13998662?
6
What is the tens digit of 212595?
9
What is the hundred thousands digit of 1566551?
5
What is the units digit of 1749165?
5
What is the hundred thousands digit of 141521?
1
What is the hundred thousands digit of 2213522?
2
What is the ten thousands digit of 223542?
2
What is the units digit of 1458990?
0
What is the hundred thousands digit of 627553?
6
What is the ten thousands digit of 24225?
2
What is the thousands digit of 674359?
4
What is the thousands digit of 171597?
1
What is the hundred thousands digit of 1283301?
2
What is the thousands digit of 64636?
4
What is the ten thousands digit of 25443349?
4
What is the units digit of 24944456?
6
What is the thousands digit of 197569?
7
What is the units digit of 844244?
4
What is the hundreds digit of 1874040?
0
What is the hundreds digit of 21377?
3
What is the units digit of 223006?
6
What is the thousands digit of 249301?
9
What is the thousands digit of 727532?
7
What is the hundred thousands digit of 14595975?
5
What is the ten thousands digit of 1128285?
2
What is the thousands digit of 4466739?
6
What is the hundred thousands digit of 3399758?
3
What is the hundreds digit of 1194356?
3
What is the hundreds digit of 133777?
7
What is the thousands digit of 6195621?
5
What is the ten thousands digit of 4434785?
3
What is the ten thousands digit of 6467061?
6
What is the tens digit of 328251?
5
What is the hundred thousands digit of 793180?
7
What is the hundred thousands digit of 135293?
1
What is the tens digit of 2697569?
6
What is the ten thousands digit of 2683485?
8
What is the thousands digit of 51382?
1
What is the tens digit of 1648?
4
What is the hundred thousands digit of 273703?
2
What is the tens digit of 174267?
6
What is the millions digit of 13108908?
3
What is the hundred thousands digit of 646333?
6
What is the millions digit of 1051811?
1
What is the hundreds digit of 178402?
4
What is the hundred thousands digit of 6121963?
1
What is the tens digit of 915280?
8
What is the hundreds digit of 571731?
7
What is the ten thousands digit of 11258206?
5
What is the units digit of 75066?
6
What is the thousands digit of 425672?
5
What is the hundreds digit of 126561?
5
What is the tens digit of 796744?
4
What is the thousands digit of 2540357?
0
What is the ten thousands digit of 5696662?
9
What is the hundreds digit of 7623301?
3
What is the units digit of 847398?
8
What is the hundred thousands digit of 113949?
1
What is the hundred thousands digit of 235009?
2
What is the units digit of 865267?
7
What is the tens digit of 9843?
4
What is the thousands digit of 576641?
6
What is the tens digit of 11169538?
3
What is the thousands digit of 12022939?
2
What is the ten thousands digit of 8290496?
9
What is the tens digit of 115907?
0
What is the ten thousands digit of 131650?
3
What is the hundreds digit of 3089006?
0
What is the hundreds digit of 15468?
4
What is the tens digit of 941367?
6
What is the thousands digit of 3794091?
4
What is the hundreds digit of 24680094?
0
What is the hundreds digit of 747497?
4
What is the units digit of 911083?
3
What is the tens digit of 494834?
3
What is the thousands digit of 71308?
1
What is the ten thousands digit of 55534?
5
What is the thousands digit of 9027881?
7
What is the units digit of 4080758?
8
What is the hundreds digit of 27241240?
2
What is the tens digit of 112512?
1
What is the hundred thousands digit of 10134115?
1
What is the ten thousands digit of 170244?
7
What is the millions digit of 21704617?
1
What is the ten thousands digit of 33704?
3
What is the ten thousands digit of 44002?
4
What is the hundred thousands digit of 9861939?
8
What is the units digit of 165295?
5
What is the ten thousands digit of 2631989?
3
What is the tens digit of 10936935?
3
What is the units digit of 4284416?
6
What is the ten thousands digit of 7123035?
2
What is the hundreds digit of 3924216?
2
What is the thousands digit of 61950?
1
What is the units digit of 1539441?
1
What is the tens digit of 10655651?
5
What is the tens digit of 359409?
0
What is the hundred thousands digit of 6826716?
8
What is the units digit of 5917292?
2
What is the tens digit of 5416725?
2
What is the millions digit of 1999709?
1
What is the units digit of 5344239?
9
What is the tens digit of 56663?
6
What is the units digit of 7457762?
2
What is the ten thousands digit of 1032740?
3
What is the tens digit of 15228426?
2
What is the hundreds digit of 807930?
9
What is the tens digit of 479?
7
What is the units digit of 8512752?
2
What is the ten thousands digit of 1558353?
5
What is the ten thousands digit of 72499?
7
What is the tens digit of 116567?
6
What is the tens digit of 3671795?
9
What is the hundreds digit of 15885513?
5
What is the hundred thousands digit of 178301?
1
What is the hundreds digit of 979171?
1
What is the thousands digit of 1457296?
7
What is the hundred thousands digit of 785920?
7
What is the units digit of 3059977?
7
What is the ten thousands digit of 11074247?
7
What is the hundreds digit of 17978?
9
What is the thousands digit of 1490447?
0
What is the units digit of 1132?
2
What is the units digit of 378170?
0
What is the hundred thousands digit of 1362204?
3
What is the ten thousands digit of 142542?
4
What is the ten thousands digit of 304154?
0
What is the ten thousands digit of 6452548?
5
What is the hundred thousands digit of 3439141?
4
What is the units digit of 1287848?
8
What is the tens digit of 549663?
6
What is the ten thousands digit of 1146952?
4
What is the units digit of 5749804?
4
What is the units digit of 362187?
7
What is the ten thousands digit of 1127626?
2
What is the units digit of 27360?
0
What is the units digit of 214093?
3
What is the ten thousands digit of 994286?
9
What is the hundred thousands digit of 524562?
5
What is the ten thousands digit of 495649?
9
What is the hundred thousands digit of 173230?
1
What is the tens digit of 912934?
3
What is the hundreds digit of 8098862?
8
What is the millions digit of 3335608?
3
What is the tens digit of 1836606?
0
What is the ten thousands digit of 38992?
3
What is the tens digit of 4898477?
7
What is the thousands digit of 57868?
7
What is the units digit of 670693?
3
What is the thousands digit of 1063302?
3
What is the hundreds digit of 4141065?
0
What is the hundred thousands digit of 180505?
1
What is the hundred thousands digit of 539426?
5
What is the ten thousands digit of 8840192?
4
What is the tens digit of 5830113?
1
What is the ten thousands digit of 153327?
5
What is the tens digit of 338715?
1
What is the ten thousands digit of 262279?
6
What is the thousands digit of 36113?
6
What is the units digit of 18314936?
6
What is the thousands digit of 243779?
3
What is the hundred thousands digit of 984947?
9
What is the ten thousands digit of 10354060?
5
What is the ten millions digit of 40256034?
4
What is the ten thousands digit of 2075122?
7
What is the millions digit of 2081698?
2
What is the hundreds digit of 2642855?
8
What is the ten thousands digit of 1441865?
4
What is the tens digit of 180369?
6
What is the tens digit of 4230662?
6
What is the units digit of 693127?
7
What is the thousands digit of 860539?
0
What is the hundreds digit of 12403475?
4
What is the hundred thousands dig